{"id":8111,"date":"2024-08-07T09:07:50","date_gmt":"2024-08-07T07:07:50","guid":{"rendered":"https:\/\/sandrovanini.ch\/?post_type=product&#038;p=8111"},"modified":"2025-01-14T16:19:55","modified_gmt":"2025-01-14T15:19:55","slug":"creme-au-poivre-de-cayenne","status":"publish","type":"product","link":"https:\/\/sandrovanini.ch\/fr\/produit\/creme-au-poivre-de-cayenne\/","title":{"rendered":"Cr\u00e8me au poivre de Cayenne"},"content":{"rendered":"<p style=\"text-align: justify;\">La Cr\u00e8me au poivre de Cayenne est id\u00e9ale pour relever de son go\u00fbt piquant de nombreux plats de la tradition m\u00e9diterran\u00e9enne, ajoutant une touche de caract\u00e8re aux p\u00e2tes, pizzas, bruschettas, sauces et autres sp\u00e9cialit\u00e9s. Produite par Cofti.ch SA de Chiasso, une entreprise sp\u00e9cialis\u00e9e dans les herbes m\u00e9dicinales, elle est fabriqu\u00e9e \u00e0 partir de piments cultiv\u00e9s au Tessin, fruit de la collaboration avec des entreprises locales. Cette approche contribue \u00e0 pr\u00e9server les plantations en montagne, apportant innovation et cr\u00e9ativit\u00e9 tout en restant fid\u00e8le aux traditions et au savoir-faire local. Parfaite pour les amateurs de saveurs fortes, la cr\u00e8me de piments tessinois est un produit essentiel \u00e0 avoir toujours dans le garde-manger, offrant une touche d&rsquo;originalit\u00e9 et de territorialit\u00e9 \u00e0 chaque plat.<\/p>\n<p>&nbsp;<\/p>\n<p style=\"text-align: justify;\"><strong>Ingr\u00e9dients: <\/strong>voir photographie<\/p>\n<p>&nbsp;<\/p>\n<p style=\"text-align: justify;\"><em>Pour plus d&rsquo;informations sur les produits et les allerg\u00e8nes, contactez-nous: vanini@sandrovanini.ch<\/em><\/p>\n<p>&nbsp;<\/p>\n<p>&nbsp;<\/p>\n<p style=\"text-align: justify;\">\n","protected":false},"excerpt":{"rendered":"<p>130gr<\/p>\n","protected":false},"featured_media":8305,"comment_status":"closed","ping_status":"closed","template":"","meta":{"_acf_changed":false},"product_brand":[],"product_cat":[240],"product_tag":[],"class_list":{"0":"post-8111","1":"product","2":"type-product","3":"status-publish","4":"has-post-thumbnail","6":"product_cat-les-excellences-du-territoire","8":"first","9":"instock","10":"taxable","11":"shipping-taxable","12":"purchasable","13":"product-type-simple"},"acf":[],"yoast_head":"<!-- This site is optimized with the Yoast SEO plugin v27.3 - https:\/\/yoast.com\/product\/yoast-seo-wordpress\/ -->\n<title>Cr\u00e8me au poivre de Cayenne - Sandro Vanini SA<\/title>\n<meta name=\"robots\" content=\"index, follow, max-snippet:-1, max-image-preview:large, max-video-preview:-1\" \/>\n<link rel=\"canonical\" href=\"https:\/\/sandrovanini.ch\/produit\/crema-di-peperoncini-di-cayenna\/\" \/>\n<meta property=\"og:locale\" content=\"fr_FR\" \/>\n<meta property=\"og:type\" content=\"article\" \/>\n<meta property=\"og:title\" content=\"Cr\u00e8me au poivre de Cayenne - Sandro Vanini SA\" \/>\n<meta property=\"og:description\" content=\"130gr\" \/>\n<meta property=\"og:url\" content=\"https:\/\/sandrovanini.ch\/produit\/crema-di-peperoncini-di-cayenna\/\" \/>\n<meta property=\"og:site_name\" content=\"Sandro Vanini SA\" \/>\n<meta property=\"article:modified_time\" content=\"2025-01-14T15:19:55+00:00\" \/>\n<meta property=\"og:image\" content=\"https:\/\/sandrovanini.ch\/vaniniwpsite\/wp-content\/uploads\/PEPERONCINI_600X600.jpg\" \/>\n\t<meta property=\"og:image:width\" content=\"600\" \/>\n\t<meta property=\"og:image:height\" content=\"600\" \/>\n\t<meta property=\"og:image:type\" content=\"image\/jpeg\" \/>\n<meta name=\"twitter:card\" content=\"summary_large_image\" \/>\n<meta name=\"twitter:label1\" content=\"Dur\u00e9e de lecture estim\u00e9e\" \/>\n\t<meta name=\"twitter:data1\" content=\"1 minute\" \/>\n<script type=\"application\/ld+json\" class=\"yoast-schema-graph\">{\"@context\":\"https:\\\/\\\/schema.org\",\"@graph\":[{\"@type\":\"WebPage\",\"@id\":\"https:\\\/\\\/sandrovanini.ch\\\/produit\\\/crema-di-peperoncini-di-cayenna\\\/\",\"url\":\"https:\\\/\\\/sandrovanini.ch\\\/produit\\\/crema-di-peperoncini-di-cayenna\\\/\",\"name\":\"Cr\u00e8me au poivre de Cayenne - Sandro Vanini SA\",\"isPartOf\":{\"@id\":\"https:\\\/\\\/sandrovanini.ch\\\/#website\"},\"primaryImageOfPage\":{\"@id\":\"https:\\\/\\\/sandrovanini.ch\\\/produit\\\/crema-di-peperoncini-di-cayenna\\\/#primaryimage\"},\"image\":{\"@id\":\"https:\\\/\\\/sandrovanini.ch\\\/produit\\\/crema-di-peperoncini-di-cayenna\\\/#primaryimage\"},\"thumbnailUrl\":\"https:\\\/\\\/sandrovanini.ch\\\/vaniniwpsite\\\/wp-content\\\/uploads\\\/PEPERONCINI_600X600.jpg\",\"datePublished\":\"2024-08-07T07:07:50+00:00\",\"dateModified\":\"2025-01-14T15:19:55+00:00\",\"breadcrumb\":{\"@id\":\"https:\\\/\\\/sandrovanini.ch\\\/produit\\\/crema-di-peperoncini-di-cayenna\\\/#breadcrumb\"},\"inLanguage\":\"fr-FR\",\"potentialAction\":[{\"@type\":\"ReadAction\",\"target\":[\"https:\\\/\\\/sandrovanini.ch\\\/produit\\\/crema-di-peperoncini-di-cayenna\\\/\"]}]},{\"@type\":\"ImageObject\",\"inLanguage\":\"fr-FR\",\"@id\":\"https:\\\/\\\/sandrovanini.ch\\\/produit\\\/crema-di-peperoncini-di-cayenna\\\/#primaryimage\",\"url\":\"https:\\\/\\\/sandrovanini.ch\\\/vaniniwpsite\\\/wp-content\\\/uploads\\\/PEPERONCINI_600X600.jpg\",\"contentUrl\":\"https:\\\/\\\/sandrovanini.ch\\\/vaniniwpsite\\\/wp-content\\\/uploads\\\/PEPERONCINI_600X600.jpg\",\"width\":600,\"height\":600},{\"@type\":\"BreadcrumbList\",\"@id\":\"https:\\\/\\\/sandrovanini.ch\\\/produit\\\/crema-di-peperoncini-di-cayenna\\\/#breadcrumb\",\"itemListElement\":[{\"@type\":\"ListItem\",\"position\":1,\"name\":\"Home\",\"item\":\"https:\\\/\\\/sandrovanini.ch\\\/fr\\\/\"},{\"@type\":\"ListItem\",\"position\":2,\"name\":\"Prodotti\",\"item\":\"https:\\\/\\\/sandrovanini.ch\\\/shop\\\/\"},{\"@type\":\"ListItem\",\"position\":3,\"name\":\"Cr\u00e8me au poivre de Cayenne\"}]},{\"@type\":\"WebSite\",\"@id\":\"https:\\\/\\\/sandrovanini.ch\\\/#website\",\"url\":\"https:\\\/\\\/sandrovanini.ch\\\/\",\"name\":\"Sandro Vanini SA\",\"description\":\"Delizie da vivere\",\"publisher\":{\"@id\":\"https:\\\/\\\/sandrovanini.ch\\\/#organization\"},\"potentialAction\":[{\"@type\":\"SearchAction\",\"target\":{\"@type\":\"EntryPoint\",\"urlTemplate\":\"https:\\\/\\\/sandrovanini.ch\\\/?s={search_term_string}\"},\"query-input\":{\"@type\":\"PropertyValueSpecification\",\"valueRequired\":true,\"valueName\":\"search_term_string\"}}],\"inLanguage\":\"fr-FR\"},{\"@type\":\"Organization\",\"@id\":\"https:\\\/\\\/sandrovanini.ch\\\/#organization\",\"name\":\"Sandro Vanini SA\",\"url\":\"https:\\\/\\\/sandrovanini.ch\\\/\",\"logo\":{\"@type\":\"ImageObject\",\"inLanguage\":\"fr-FR\",\"@id\":\"https:\\\/\\\/sandrovanini.ch\\\/#\\\/schema\\\/logo\\\/image\\\/\",\"url\":\"https:\\\/\\\/sandrovanini.ch\\\/vaniniwpsite\\\/wp-content\\\/uploads\\\/SANDRO-VANINI-LOGO-2021.png\",\"contentUrl\":\"https:\\\/\\\/sandrovanini.ch\\\/vaniniwpsite\\\/wp-content\\\/uploads\\\/SANDRO-VANINI-LOGO-2021.png\",\"width\":300,\"height\":129,\"caption\":\"Sandro Vanini SA\"},\"image\":{\"@id\":\"https:\\\/\\\/sandrovanini.ch\\\/#\\\/schema\\\/logo\\\/image\\\/\"}}]}<\/script>\n<!-- \/ Yoast SEO plugin. -->","yoast_head_json":{"title":"Cr\u00e8me au poivre de Cayenne - Sandro Vanini SA","robots":{"index":"index","follow":"follow","max-snippet":"max-snippet:-1","max-image-preview":"max-image-preview:large","max-video-preview":"max-video-preview:-1"},"canonical":"https:\/\/sandrovanini.ch\/produit\/crema-di-peperoncini-di-cayenna\/","og_locale":"fr_FR","og_type":"article","og_title":"Cr\u00e8me au poivre de Cayenne - Sandro Vanini SA","og_description":"130gr","og_url":"https:\/\/sandrovanini.ch\/produit\/crema-di-peperoncini-di-cayenna\/","og_site_name":"Sandro Vanini SA","article_modified_time":"2025-01-14T15:19:55+00:00","og_image":[{"width":600,"height":600,"url":"https:\/\/sandrovanini.ch\/vaniniwpsite\/wp-content\/uploads\/PEPERONCINI_600X600.jpg","type":"image\/jpeg"}],"twitter_card":"summary_large_image","twitter_misc":{"Dur\u00e9e de lecture estim\u00e9e":"1 minute"},"schema":{"@context":"https:\/\/schema.org","@graph":[{"@type":"WebPage","@id":"https:\/\/sandrovanini.ch\/produit\/crema-di-peperoncini-di-cayenna\/","url":"https:\/\/sandrovanini.ch\/produit\/crema-di-peperoncini-di-cayenna\/","name":"Cr\u00e8me au poivre de Cayenne - Sandro Vanini SA","isPartOf":{"@id":"https:\/\/sandrovanini.ch\/#website"},"primaryImageOfPage":{"@id":"https:\/\/sandrovanini.ch\/produit\/crema-di-peperoncini-di-cayenna\/#primaryimage"},"image":{"@id":"https:\/\/sandrovanini.ch\/produit\/crema-di-peperoncini-di-cayenna\/#primaryimage"},"thumbnailUrl":"https:\/\/sandrovanini.ch\/vaniniwpsite\/wp-content\/uploads\/PEPERONCINI_600X600.jpg","datePublished":"2024-08-07T07:07:50+00:00","dateModified":"2025-01-14T15:19:55+00:00","breadcrumb":{"@id":"https:\/\/sandrovanini.ch\/produit\/crema-di-peperoncini-di-cayenna\/#breadcrumb"},"inLanguage":"fr-FR","potentialAction":[{"@type":"ReadAction","target":["https:\/\/sandrovanini.ch\/produit\/crema-di-peperoncini-di-cayenna\/"]}]},{"@type":"ImageObject","inLanguage":"fr-FR","@id":"https:\/\/sandrovanini.ch\/produit\/crema-di-peperoncini-di-cayenna\/#primaryimage","url":"https:\/\/sandrovanini.ch\/vaniniwpsite\/wp-content\/uploads\/PEPERONCINI_600X600.jpg","contentUrl":"https:\/\/sandrovanini.ch\/vaniniwpsite\/wp-content\/uploads\/PEPERONCINI_600X600.jpg","width":600,"height":600},{"@type":"BreadcrumbList","@id":"https:\/\/sandrovanini.ch\/produit\/crema-di-peperoncini-di-cayenna\/#breadcrumb","itemListElement":[{"@type":"ListItem","position":1,"name":"Home","item":"https:\/\/sandrovanini.ch\/fr\/"},{"@type":"ListItem","position":2,"name":"Prodotti","item":"https:\/\/sandrovanini.ch\/shop\/"},{"@type":"ListItem","position":3,"name":"Cr\u00e8me au poivre de Cayenne"}]},{"@type":"WebSite","@id":"https:\/\/sandrovanini.ch\/#website","url":"https:\/\/sandrovanini.ch\/","name":"Sandro Vanini SA","description":"Delizie da vivere","publisher":{"@id":"https:\/\/sandrovanini.ch\/#organization"},"potentialAction":[{"@type":"SearchAction","target":{"@type":"EntryPoint","urlTemplate":"https:\/\/sandrovanini.ch\/?s={search_term_string}"},"query-input":{"@type":"PropertyValueSpecification","valueRequired":true,"valueName":"search_term_string"}}],"inLanguage":"fr-FR"},{"@type":"Organization","@id":"https:\/\/sandrovanini.ch\/#organization","name":"Sandro Vanini SA","url":"https:\/\/sandrovanini.ch\/","logo":{"@type":"ImageObject","inLanguage":"fr-FR","@id":"https:\/\/sandrovanini.ch\/#\/schema\/logo\/image\/","url":"https:\/\/sandrovanini.ch\/vaniniwpsite\/wp-content\/uploads\/SANDRO-VANINI-LOGO-2021.png","contentUrl":"https:\/\/sandrovanini.ch\/vaniniwpsite\/wp-content\/uploads\/SANDRO-VANINI-LOGO-2021.png","width":300,"height":129,"caption":"Sandro Vanini SA"},"image":{"@id":"https:\/\/sandrovanini.ch\/#\/schema\/logo\/image\/"}}]}},"_links":{"self":[{"href":"https:\/\/sandrovanini.ch\/fr\/wp-json\/wp\/v2\/product\/8111","targetHints":{"allow":["GET"]}}],"collection":[{"href":"https:\/\/sandrovanini.ch\/fr\/wp-json\/wp\/v2\/product"}],"about":[{"href":"https:\/\/sandrovanini.ch\/fr\/wp-json\/wp\/v2\/types\/product"}],"replies":[{"embeddable":true,"href":"https:\/\/sandrovanini.ch\/fr\/wp-json\/wp\/v2\/comments?post=8111"}],"wp:featuredmedia":[{"embeddable":true,"href":"https:\/\/sandrovanini.ch\/fr\/wp-json\/wp\/v2\/media\/8305"}],"wp:attachment":[{"href":"https:\/\/sandrovanini.ch\/fr\/wp-json\/wp\/v2\/media?parent=8111"}],"wp:term":[{"taxonomy":"product_brand","embeddable":true,"href":"https:\/\/sandrovanini.ch\/fr\/wp-json\/wp\/v2\/product_brand?post=8111"},{"taxonomy":"product_cat","embeddable":true,"href":"https:\/\/sandrovanini.ch\/fr\/wp-json\/wp\/v2\/product_cat?post=8111"},{"taxonomy":"product_tag","embeddable":true,"href":"https:\/\/sandrovanini.ch\/fr\/wp-json\/wp\/v2\/product_tag?post=8111"}],"curies":[{"name":"wp","href":"https:\/\/api.w.org\/{rel}","templated":true}]}}

Crème au poivre de Cayenne

<p style="text-align: justify;">La Crème au poivre de Cayenne est idéale pour relever de son goût piquant de nombreux plats de la tradition méditerranéenne, ajoutant une touche de caractère aux pâtes, pizzas, bruschettas, sauces et autres spécialités. Produite par Cofti.ch SA de Chiasso, une entreprise spécialisée dans les herbes médicinales, elle est fabriquée à partir de piments cultivés au Tessin, fruit de la collaboration avec des entreprises locales. Cette approche contribue à préserver les plantations en montagne, apportant innovation et créativité tout en restant fidèle aux traditions et au savoir-faire local. Parfaite pour les amateurs de saveurs fortes, la crème de piments tessinois est un produit essentiel à avoir toujours dans le garde-manger, offrant une touche d&rsquo;originalité et de territorialité à chaque plat.</p>
<p>&nbsp;</p>
<p style="text-align: justify;"><strong>Ingrédients: </strong>voir photographie</p>
<p>&nbsp;</p>
<p style="text-align: justify;"><em>Pour plus d&rsquo;informations sur les produits et les allergènes, contactez-nous: vanini@sandrovanini.ch</em></p>
<p>&nbsp;</p>
<p>&nbsp;</p>
<p style="text-align: justify;">

<!-- This site is optimized with the Yoast SEO plugin v27.3 - https://yoast.com/product/yoast-seo-wordpress/ -->
<title>Crème au poivre de Cayenne - Sandro Vanini SA</title>
<meta name="robots" content="index, follow, max-snippet:-1, max-image-preview:large, max-video-preview:-1" />
<link rel="canonical" href="https://sandrovanini.ch/produit/crema-di-peperoncini-di-cayenna/" />
<meta property="og:locale" content="fr_FR" />
<meta property="og:type" content="article" />
<meta property="og:title" content="Crème au poivre de Cayenne - Sandro Vanini SA" />
<meta property="og:description" content="130gr" />
<meta property="og:url" content="https://sandrovanini.ch/produit/crema-di-peperoncini-di-cayenna/" />
<meta property="og:site_name" content="Sandro Vanini SA" />
<meta property="article:modified_time" content="2025-01-14T15:19:55+00:00" />
<meta property="og:image" content="https://sandrovanini.ch/vaniniwpsite/wp-content/uploads/PEPERONCINI_600X600.jpg" />
	<meta property="og:image:width" content="600" />
	<meta property="og:image:height" content="600" />
	<meta property="og:image:type" content="image/jpeg" />
<meta name="twitter:card" content="summary_large_image" />
<meta name="twitter:label1" content="Durée de lecture estimée" />
	<meta name="twitter:data1" content="1 minute" />
<script type="application/ld+json" class="yoast-schema-graph">{"@context":"https:\/\/schema.org","@graph":[{"@type":"WebPage","@id":"https:\/\/sandrovanini.ch\/produit\/crema-di-peperoncini-di-cayenna\/","url":"https:\/\/sandrovanini.ch\/produit\/crema-di-peperoncini-di-cayenna\/","name":"Crème au poivre de Cayenne - Sandro Vanini SA","isPartOf":{"@id":"https:\/\/sandrovanini.ch\/#website"},"primaryImageOfPage":{"@id":"https:\/\/sandrovanini.ch\/produit\/crema-di-peperoncini-di-cayenna\/#primaryimage"},"image":{"@id":"https:\/\/sandrovanini.ch\/produit\/crema-di-peperoncini-di-cayenna\/#primaryimage"},"thumbnailUrl":"https:\/\/sandrovanini.ch\/vaniniwpsite\/wp-content\/uploads\/PEPERONCINI_600X600.jpg","datePublished":"2024-08-07T07:07:50+00:00","dateModified":"2025-01-14T15:19:55+00:00","breadcrumb":{"@id":"https:\/\/sandrovanini.ch\/produit\/crema-di-peperoncini-di-cayenna\/#breadcrumb"},"inLanguage":"fr-FR","potentialAction":[{"@type":"ReadAction","target":["https:\/\/sandrovanini.ch\/produit\/crema-di-peperoncini-di-cayenna\/"]}]},{"@type":"ImageObject","inLanguage":"fr-FR","@id":"https:\/\/sandrovanini.ch\/produit\/crema-di-peperoncini-di-cayenna\/#primaryimage","url":"https:\/\/sandrovanini.ch\/vaniniwpsite\/wp-content\/uploads\/PEPERONCINI_600X600.jpg","contentUrl":"https:\/\/sandrovanini.ch\/vaniniwpsite\/wp-content\/uploads\/PEPERONCINI_600X600.jpg","width":600,"height":600},{"@type":"BreadcrumbList","@id":"https:\/\/sandrovanini.ch\/produit\/crema-di-peperoncini-di-cayenna\/#breadcrumb","itemListElement":[{"@type":"ListItem","position":1,"name":"Home","item":"https:\/\/sandrovanini.ch\/fr\/"},{"@type":"ListItem","position":2,"name":"Prodotti","item":"https:\/\/sandrovanini.ch\/shop\/"},{"@type":"ListItem","position":3,"name":"Crème au poivre de Cayenne"}]},{"@type":"WebSite","@id":"https:\/\/sandrovanini.ch\/#website","url":"https:\/\/sandrovanini.ch\/","name":"Sandro Vanini SA","description":"Delizie da vivere","publisher":{"@id":"https:\/\/sandrovanini.ch\/#organization"},"potentialAction":[{"@type":"SearchAction","target":{"@type":"EntryPoint","urlTemplate":"https:\/\/sandrovanini.ch\/?s={search_term_string}"},"query-input":{"@type":"PropertyValueSpecification","valueRequired":true,"valueName":"search_term_string"}}],"inLanguage":"fr-FR"},{"@type":"Organization","@id":"https:\/\/sandrovanini.ch\/#organization","name":"Sandro Vanini SA","url":"https:\/\/sandrovanini.ch\/","logo":{"@type":"ImageObject","inLanguage":"fr-FR","@id":"https:\/\/sandrovanini.ch\/#\/schema\/logo\/image\/","url":"https:\/\/sandrovanini.ch\/vaniniwpsite\/wp-content\/uploads\/SANDRO-VANINI-LOGO-2021.png","contentUrl":"https:\/\/sandrovanini.ch\/vaniniwpsite\/wp-content\/uploads\/SANDRO-VANINI-LOGO-2021.png","width":300,"height":129,"caption":"Sandro Vanini SA"},"image":{"@id":"https:\/\/sandrovanini.ch\/#\/schema\/logo\/image\/"}}]}</script>
<!-- / Yoast SEO plugin. -->

Crème au poivre de Cayenne - Sandro Vanini SA
